- p + 1. Calculate i(j).
-3
Let d(b) = b**3 + 7*b**2 - 11*b - 3. Let t(m) = -m**3 - 8*m**2 + 12*m + 4. Let g(p) = -5*d(p) - 4*t(p). What is g(-5)?
14
Let q = 19 + -13. Suppose -7*i + 4 = -q*i. Let r(p) = -p**3 + 4*p**2 - 5. Give r(i).
-5
Let k(w) = w**2 + w - 9. Suppose -j + 0 + 3 = 3*c, 0 = -3*j - 5*c + 5. Calculate k(j).
-9
Suppose 2 = -4*h - 6. Let i(l) be the third derivative of 0*l**3 + 4*l**2 + 0 + 1/12*l**4 + 1/30*l**5 + 0*l. Give i(h).
4
Let g(w) = -15*w**2 - w + 1. Let c = 88 + -87. Calculate g(c).
-15
Suppose 18 = -5*b - 7. Let m(y) = y**2 + 6*y - 1. Give m(b).
-6
Suppose -3*c + 6 = -3*b, -2 - 4 = -5*b + c. Let g(a) be the third derivative of -a**5/15 + a**4/24 + a**3/3 - a**2. Give g(b).
-12
Let q(r) be the second derivative of -r + 1/2*r**2 - 1/12*r**4 - 1/6*r**3 - 1/60*r**5 + 0. Let b(j) be the first derivative of q(j). Determine b(-2).
-1
Suppose 3*z - 2*z = 0. Suppose z = -t + l - 1, 2*t - 1 = l - 0. Let p(m) = -2*m**3 + 2*m**2 + m + 1. Give p(t).
-5
Let n be (-2)/4*(-18)/27*-3. Let v(z) = 17*z**2 - z. Calculate v(n).
18
Let r be 1 + 12/8*2. Let s(z) = z**2 - 3. What is s(r)?
13
Suppose 0 = -5*z - x + 7, 2*x = 4*z + 3*x - 5. Let l(r) = r**3 - 2*r**2 - 3*r + 2. Determine l(z).
-4
Let h(p) be the third derivative of -p**6/120 - p**5/10 + p**4/24 - p**3/6 + 16*p**2. What is h(-6)?
-7
Let p(t) = -3 - 3*t + 3*t - t**3 - 6*t**2 + 0*t**3 - 6*t. Suppose -2*l = 8, 0 = -2*x - 4*l + 3 - 29. Calculate p(x).
2
Let w(t) = 0 - t**2 + 3*t + 1 - 2*t. Suppose -2*s = -s + 3. Let a(h) = h**2 + 2*h - 3. Let m be a(s). Calculate w(m).
1
Let g = 6 + -2. Let v(n) = -n**3 + n - n**2 - 1 + 0*n**2 + 5*n**2 + 0*n**2. Give v(g).
3
Suppose 0*z + 10 = 2*z, 0 = -5*p - 2*z + 25. Let o(d) = -6 - 3*d + 4*d - 3*d + p*d. Let f(u) = u - 5. Let l(y) = 4*f(y) - 3*o(y). What is l(4)?
2
Let o(l) = 3*l**3 + l**2. Let z be o(-1). Let x(c) = -3*c**2 + 3*c - 2. Let r(n) = -8*n**2 + 9*n - 5. Let q(d) = -4*r(d) + 11*x(d). Determine q(z).
0
Let x(b) = -b**2 + 4*b + 3. Suppose u = 5*u - 92. Suppose -5*f = -25, -3*f + 0*f + u = -4*c. Calculate x(c).
-9
Let o(b) = 6*b**2 + 3*b + 5. Let s(i) = 9*i**2 + 5*i + 8. Let c(p) = 8*o(p) - 5*s(p). Let w(l) = -l - 1. Let f be w(2). Let j = f - -4. Determine c(j).
2
Let c be (3/2)/((-5)/(-10)). Suppose -j + 9 = 2*a, -c*j + 6 = -j. Let s(f) = -2*f + 4*f**2 + a - 5*f - 3*f**2 + 0*f. Determine s(5).
-7
Let g(l) = 2 + l - 2*l + 2*l - 2*l. Determine g(2).
0
Let j(w) = -w**2 + 7*w - 6. Suppose -22 = -2*f - 4*u, 2*f + f + 2*u - 21 = 0. Calculate j(f).
4
Let t(d) be the first derivative of 1/12*d**4 + 7/2*d**2 - d + 1 + 7/6*d**3. Let z(q) be the first derivative of t(q). Give z(-5).
-3
Let x(p) = -9*p + 9. Let h(w) = w - 1. Let a(g) = -51*h(g) - 6*x(g). What is a(3)?
6
Let x = 15 - 10. Let q(h) = 3 - 1 - h - h**3 - 2*h - x*h**2. Suppose 4*a - 23 + 39 = 0. What is q(a)?
-2
Let j(u) = 7*u**2 + 2*u**3 - 7*u**2 - 1 + 2*u**2. Determine j(-1).
-1
Let i(o) be the second derivative of o**4/12 + o**3/2 - 2*o. Determine i(-4).
4
Let y(h) be the second derivative of h**3/6 + h. Let r = -4 - -8. Let n be y(r). Let f(m) = -2*m + 4. What is f(n)?
-4
Let v(y) = y + 7. Let g(l) = -1. Let x(f) = -4*g(f) - v(f). Calculate x(-3).
0
Let z(m) = 3*m + 1. Let u be z(1). Let g(f) = -f. What is g(u)?
-4
Suppose -2*y + 10 - 4 = 0. Let k(s) = -7 + 3 - s + y. Give k(4).
-5
Let i(v) = 4*v**2 - 4*v - 15. Let q(u) = 5*u**2 - 5*u - 15. Let c(r) = -4*i(r) + 3*q(r). Calculate c(0).
15
Let x(y) = -6*y**2 - 6 + 0*y**3 + 0*y**3 - y**3 + 0*y**3 - y. Let h be x(-6). Let k(f) = -1 + 6 + f + 0*f**2 + f**2. What is k(h)?
5
Let q be -1*5/(2/(-2)). Let w(z) = 15 - z - 3*z + 5*z - 19. Determine w(q).
1
Let b be (-12)/(-2)*(-4)/(-6). Let d(f) = -3*f**2 - 2 + f**3 - b*f + 2*f + 0*f. Let t = -8 - -12. Give d(t).
6
Let h(d) = 10*d**2 + d + 2. Let y(q) = 9*q**2 + q + 2. Let n(r) = -5*h(r) + 6*y(r). Suppose -2*z - 2*z - 8 = 0. Give n(z).
16
Let z(n) = 25*n**2 + 3*n + 4. Let j(s) = -s**2 - s - 1. Let g(l) = 5*j(l) + z(l). Calculate g(-1).
21
Let p(g) be the third derivative of -g**5/20 + g**4/24 + g**3/6 - 15*g**2. Give p(-2).
-13
Let w(f) = -1. Let r(s) = -3*s + 6. Let i(x) = r(x) + 5*w(x). Give i(3).
-8
Let t = -33 + 29. Let w(q) = 2*q - 1. What is w(t)?
-9
Let k(d) = 2*d**2 - 1. Let n be k(1). Let y(w) = 2*w**2 + w. Let p be y(n). Let j(o) = -p + 3 + 0 - 2*o. Calculate j(-1).
2
Let m(z) = z**3 + 6*z**2 + z. Let q = 3 - -9. Suppose j + j = -q. Give m(j).
-6
Let m(p) be the first derivative of p**4/24 + 3*p**2/2 + 1. Let c(o) be the second derivative of m(o). Let s be ((-4)/10)/(6/(-30)). Determine c(s).
2
Suppose 3*d = -6 - 12. Let u(y) be the third derivative of -y**5/60 - 7*y**4/24 - 4*y**3/3 + 95*y**2. Calculate u(d).
-2
Suppose -a - 3 = -2*c, 2*a = -c + 6 + 3. Let u(k) = -k + 2 + 0 + 3. What is u(c)?
2
Let v = -16 - -14. Let m(i) = i**2 + 4*i + 2. Give m(v).
-2
Let a(v) be the first derivative of v**2 - 5*v + 20. What is a(5)?
5
Let m = -3 + 7. Let n be (-66)/12 + 6/m. Let i(w) = -w**3 - 3*w**2 + 2*w + 3. Calculate i(n).
11
Let u(w) be the third derivative of -w**5/120 - 7*w**4/24 - 7*w**3/6 + 3*w**2. Let d(t) be the first derivative of u(t). What is d(-5)?
-2
Let d(i) = 7*i**2 - i + 1. Let z(w) = -11*w**2 + 2*w - 1. Let h = 9 - 14. Let y(g) = h*z(g) - 8*d(g). Calculate y(-2).
-3
Suppose 34 = 3*x - 4*v, 24 = 5*x + v - 2. Let d(w) = w**2 - 5*w - 2. Determine d(x).
4
Let a(g) = -g + 4. Let b(q) = 1. Let m(f) = a(f) + 4*b(f). Suppose 0 = 3*x - 5 - 7. Calculate m(x).
4
Let y(a) = -a - 2. Suppose 0*o + 56 = 4*x + 4*o, -4 = -2*o. Suppose -5*m = 2 - x. Determine y(m).
-4
Suppose -5 = -d - 2*d + 4*r, -4*r - 8 = -4*d. Let h(m) = -m**3 + 3*m**2 - 3*m. Give h(d).
-9
Let z = 6 + -3. Let f(n) = 2*n - z + 2*n + 3*n + n**2 + 0*n. Determine f(-6).
-9
Let s(n) = 14*n**2 + 22*n + 2. Let f(a) = 5*a**2 + 8*a + 1. Let v(k) = 11*f(k) - 4*s(k). Calculate v(-3).
-6
Let l(o) = o**2 + 3*o - 6. Suppose 7 = -d + 2. Determine l(d).
4
Let z(b) be the first derivative of -b**5/60 - b**4/4 + b**3/3 - 3*b**2/2 - 4. Let w(r) be the second derivative of z(r). Give w(-6).
2
Let h(m) = -m**2 + 4*m + 1. Let a(s) = s**2 - 9*s + 12. Let i be a(8). What is h(i)?
1
Suppose 3*h + 0*h = -15, -h = -3*p - 43. Let r be p/12*(-3)/1. Let z(o) = 3*o**2 + 0 + 4*o - o**3 - 2 - 4. What is z(r)?
-6
Let x(o) = -3*o - 9. Let t be x(-6). Let h = t + -7. Suppose 0 = -q + 1 + h. Let g(k) = -k**3 + 2*k**2 - k + 2. Give g(q).
-10
Suppose u + 5*o = 6, -2*u + 3*o = 11 + 3. Let h(p) = 4 - 2 - p**2 - 1 - p. Calculate h(u).
-11
Suppose -2*h = -2*i - 14, 0 = -2*h + 4*h - 3*i - 17. Let b = h - 2. Let x(d) = 1 - d**3 + 4*d**2 - b*d**2 + 2*d + d**2. Calculate x(3).
7
Suppose -l = l - 4. Let p be l/(-9) - (-156)/(-27). Let n(g) = -g**3 - 6*g**2 + g - 1. Give n(p).
-7
Let s(j) = 3*j**2 - 1. Let r(u) = u**3 - 3*u**2 - 4*u - 2. Let c be 0 + (-3)/(-3) - -3. Let x be r(c). Let m be (-1)/x*(-1 - 1). Determine s(m).
2
Let y = -6 - -4. Let b = y + -2. Let w(n) = n**2 + 4*n - 3. Calculate w(b).
-3
Let y(j) be the second derivative of -j**3/6 - 24*j. Let s be 1/(-2) - 3/2. Calculate y(s).
2
Let n(f) = -f**3 - 3*f**2 + 5*f + 2. Let k = -1 - -1. Let x = -2 - k. Let h(t) = 2*t. Let m be h(x). Give n(m).
-2
Let j(q) = -q - 3. Let r be (0 - -4) + 3 - 2. Determine j(r).
-8
Let q(g) = -g**3 + 3*g**2 - g + 2. Let w(j) be the second derivative of -j**5/20 + j**4/4 - j**3/6 + 3*j**2/2 - 2*j. Let u(s) = 5*q(s) - 4*w(s). Give u(3).
-5
Let h(c) = -4*c**2 - 6*c - 6. Let v(o) = 9*o**2 + 11*o + 11. Let z(x) = -7*h(x) - 3*v(x). What is z(-6)?
-9
Let n = -2 - -7. Let u(k) be the third derivative of -k**6/120 + k**5/15 + k**4/8 - k**3/3 + 10*k**2. What is u(n)?
-12
Suppose -h = -1 + 5. Let y(a) = -5*a**3 - 4*a + 4*a**3 - 5*a**2 + 3 + 0*a**3. What is y(h)?
3
Suppose 13 = 4*t - 0*t - 5*a, 5*t - 3*a - 13 = 0. Let j(r) = -r - t + 2. What is j(0)?
0
Let u(s) = -s**3 - 2*s**2 + 4*s + 3. Let c(o) = -3*o**2 + 0*o**2 + 0 + o**3 + 2*o - 3. Let w(p) = 3*p**2 - p. Let a be w(1). Let d be c(a). What is u(d)?
0
Suppose -2*f - 4 = -f. Let q be (-2)/f*-2*-3. Let w(s) = -s**3 + 3*s**2 - 3. Determine w(q).
-3
Let l(k) = -k**3 - 9*k**2 + k + 13. Let q(t) = t**2 + 28*t - 38. Let y be q(-29). What is l(y)?
4
Suppose 4*f - 4 = -2*i + 3*f, 2*i - 4 = 4*f. Let u(r) = -2 - 3*r + 1 + 4 - 2*r**2 + i*r**3 - 1. Give 